 = -59 + 64. Let o be (i + 1)*48/36. Let u(n) = -n**2 + 9*n + 2. Let k be u(o). Calculate the highest common factor of k and 2.
2
Suppose -5*v + 24 = t - 3*t, 0 = 3*v - 4*t - 20. What is the greatest common factor of 263 and v?
1
Suppose -975*l + 18 = -978*l, 0 = -z + l + 24. What is the highest common factor of z and 200?
2
Let z be 4/(-3)*(0 - (-15)/(-2)). Let n be 110/550 - (118/z)/(-1). Calculate the highest common divisor of 3 and n.
3
Suppose 0 = 3*q - 125 - 67. Let d(u) = -3*u - 66. Let a be d(-22). Suppose -7*j + 40 - 12 = a. What is the greatest common divisor of j and q?
4
Suppose 3*l + 5*j + 19 = 0, -l + 9*j = 5*j - 22. Let r be 30/(-6) + 920/l. Calculate the greatest common factor of 70 and r.
35
Suppose 4335 = 5*d - 735*u + 733*u, 5*u = d - 844. What is the greatest common factor of d and 553?
79
Suppose 28729 = -36*d + 116*d - 133191. Calculate the greatest common factor of d and 24.
8
Let w(l) = l**3 + 67*l**2 - 143*l + 654. Let x be w(-69). Calculate the highest common divisor of x and 1887.
111
Let u = -26281 + 26294. Suppose -3159 = -d - 2*d. What is the highest common factor of d and u?
13
Suppose -35*l + 72 = -32*l - 3*x, 2*x = 4*l - 98. Suppose 4*a = -9 + l, -278 = -2*t - 2*a. Calculate the greatest common divisor of 45 and t.
45
Suppose -4*p = -2*c - 0*p + 320, 3*p = 4*c - 660. Let v(i) = 141*i - 172. Let j be v(4). Calculate the highest common factor of c and j.
56
Let v = 68 + -65. Let z(s) = 2*s**3 - 2*s**2 - 3*s - 2. Let y be z(v). Suppose -7*q + 2*q = -y. Calculate the highest common divisor of 55 and q.
5
Let k(a) = a**3 - 20*a**2 + 76*a - 152. Let g be k(16). What is the highest common factor of 5 and g?
5
Suppose -635*w = -657*w + 2640. What is the highest common divisor of w and 35160?
120
Let c be -472*5/(-4) + 3 + 3. Calculate the highest common divisor of 4 and c.
4
Let l be 7/((-22)/((-3564)/189)). Calculate the greatest common factor of 350 and l.
2
Let k = 5833 + -5523. What is the greatest common factor of 190 and k?
10
Let u(n) = -3*n + 1. Let m be u(-3). Suppose 13*c = -10 - 29. Let t be 3*(20/6 + c). What is the highest common divisor of m and t?
1
Suppose -264*a + 1495320 - 379920 = 0. What is the highest common factor of a and 338?
169
Suppose w - 53 + 13 = 0. Suppose -3 - 35 = -2*l + 3*y, 2*l - 42 = 2*y. What is the highest common divisor of l and w?
5
Let p = -41 + 66. Let o = -8 + p. Suppose 0 = -3*y + 806 - 245. What is the highest common factor of o and y?
17
Let b = -3264 - -3488. What is the greatest common factor of b and 644?
28
Let t be -1 - -1 - (-8)/(-8). Let p be (-2 - t)*4/4. Let u(w) = -15*w - 2. Let h be u(p). What is the greatest common divisor of h and 104?
13
Suppose -47 + 23 = -6*k. Suppose 2*w + 51 = 4*o + 5*w, -o = -k*w + 11. What is the greatest common divisor of o and 2?
1
Let r(f) = 3*f - 7. Let q be r(4). Let o be -2 + -22 + (-3 + q)/1. Let w = 46 + o. What is the highest common factor of w and 24?
24
Let j = 18366 - 18346. Calculate the greatest common factor of 242 and j.
2
Let z(j) = 28*j + 1. Let q be z(3). Let a(i) = -127*i - 1138. Let y be a(-9). Calculate the greatest common divisor of q and y.
5
Suppose -2725*c = -2734*c + 55935. What is the highest common divisor of 11 and c?
11
Suppose 383*o - 362*o = 3906. What is the greatest common factor of o and 14?
2
Let o = 211 + -209. Suppose -3*l + 2*b + 174 = -158, o*l - 2*b - 220 = 0. What is the highest common factor of l and 4?
4
Let v be 6*(1/(-6) + (-126)/(-28)). Let t(j) = j**3 - 23*j**2 - 78*j + 35. Let z be t(v). What is the greatest common factor of z and 35?
35
Suppose 2*c = -5*c. Let z be 102 + (-5 - (c - -1)). What is the highest common divisor of 240 and z?
48
Let a be (-1)/(-6)*-20*(-7 - 299). What is the greatest common factor of 30 and a?
30
Suppose -2*c + 19 = -5*s - 96, -3*s = -5*c + 259. Calculate the highest common divisor of 775 and c.
25
Suppose -11*z + 64*z - 201901 = -52600. What is the highest common divisor of 9 and z?
9
Suppose -4*z = 8, 3*p - 5*p + 3*z + 2126 = 0. Let o be (-434)/(-42) - 8/6. Suppose 250 = -o*t + p. What is the highest common factor of t and 30?
30
Let h(l) = 414*l - 252. Let k be h(15). What is the highest common factor of k and 18?
18
Suppose -7736 = -457*f + 2318. Calculate the greatest common divisor of 7205 and f.
11
Let q = -3430 - -7832. What is the greatest common factor of q and 62?
62
Let z be (-2)/(-8) - (-1430)/40. Suppose z*u - 294 = 29*u. What is the highest common divisor of u and 54?
6
Suppose 0 = 19*g - 17*g + 212. Let w be (0 - (-1 + g)) + 2. Let z = w + -49. Calculate the highest common factor of 15 and z.
15
Suppose 100*m - 114*m = -19992. Suppose -12*x - m = -18*x. What is the highest common divisor of x and 14?
14
Let v(b) = 3*b**2 + 113*b. Let k be v(-39). Suppose 0 = 5*j + 51 - k. Calculate the highest common factor of 861 and j.
21
Let j be (25*(-4)/(-12))/((-7)/126). Let c be j/(-4)*528/72. What is the highest common factor of 25 and c?
25
Let f = 54 - 45. Let j be 31*(-132)/(-54) - (-2)/f. Suppose 0 = -2*s - p + 31, 0 = -5*s - p - 0*p + j. Calculate the greatest common divisor of 20 and s.
5
Let w be (4 - -86) + -19 + 13 + -6. Calculate the greatest common factor of 1612 and w.
26
Let k(c) = -842*c + 7821. Let y be k(9). Calculate the greatest common divisor of y and 1269.
27
Suppose p - 10 = 2*n, 14*p - 4*n = 16*p + 20. Let q be p + 0 - 16/6*-9. Calculate the highest common divisor of q and 96.
24
Let v be (-8)/2*4/((-48)/6). Suppose -c + 1 = 0, 2*a + v*c - 5 = 1. Let y be 1344/8 - 6/a. What is the greatest common factor of y and 15?
15
Let u be -28*4/56*-8. Let x(l) = -l**3 + 10*l**2 + 25*l + 4. Let w be x(12). Calculate the highest common factor of w and u.
16
Let y be (-426)/(-1065)*(-2695)/(-2). Calculate the greatest common factor of 11 and y.
11
Suppose -14*y = -w - 16*y + 16, -3*y - 4 = -2*w. Suppose -5*n + 16 + 24 = 0. What is the highest common divisor of n and w?
8
Let j = -1455 + 1467. Calculate the greatest common divisor of j and 9.
3
Let i be 21708/14 + 432/(-756). What is the greatest common divisor of 30 and i?
10
Let n be 6910/4 - 2/(-10 + 6). Suppose -15*p - n = -33*p. Calculate the highest common divisor of 20 and p.
4
Let o = 14768 + -14610. What is the greatest common divisor of 4 and o?
2
Let r(v) = 814*v**2 - 135*v + 293. Let p be r(5). What is the greatest common factor of p and 156?
156
Let f(n) = 728*n**2 - 3*n + 3. Let l be f(-2). What is the greatest common factor of 127 and l?
127
Let u = 77 + -75. Suppose 0*w - 2*w + u = y, y + 4*w = 2. Let c be (22*(y + -3))/(2/(-8)). Calculate the greatest common factor of c and 22.
22
Let u(t) = -2*t - 11. Let c be u(-8). Suppose -42*n = -41*n + 3*h - 2, -3 = 3*h. What is the greatest common factor of c and n?
5
Suppose 292 + 412 - 1946 = -18*z. What is the greatest common divisor of z and 2323?
23
Let d be (342/27)/(6/9). Let j = d - 45. Let f be 6/(-39) + (-290)/j. Calculate the highest common factor of 22 and f.
11
Suppose 4*u = -2*h - 8 + 54, u + 2 = -5*h. Suppose 45 = z + u. Let r be ((-24)/(-9))/(4/6). Calculate the greatest common factor of z and r.
4
Let j(f) = -91*f + 31. Let k be j(-23). Calculate the greatest common divisor of 36 and k.
36
Let j = 65 + -56. Suppose 15*g = j*g + 180. Calculate the highest common divisor of 60 and g.
30
Suppose -l + 13 = -5*g, g + 13 = 5*l - 4. Let s be (0 - 35/(-1)) + 10/g. Calculate the greatest common divisor of s and 200.
10
Let o = 531 - 468. What is the highest common factor of 1869 and o?
21
Let c(a) = -16*a + 3. Let h be (3/((-18)/12))/(-1*2). Let n be c(h). Let b be n/((-4)/8*6/33). Calculate the greatest common divisor of b and 11.
11
Suppose 13*u - 22*u = -198. Suppose 4*p + 234 = 3*t, 23*t - p - 78 = u*t. Calculate the highest common factor of t and 546.
78
Let a be (-1)/5 + 16/5. Let q be 9/2*62/a. Suppose -z - 27 - q = -5*i, -4*z = i - 45. Calculate the highest common factor of 25 and i.
25
Let n(u) = 496*u - 612. Let b be n(2). Calculate the highest common divisor of b and 25.
5
Suppose -2*v + 29 = j - 0*v, -4*j - v = -81. Let z = -30492 + 30701. What is the greatest common divisor of z and j?
19
Let z = -40 + 60. Let r(n) = 23*n + n**2 + 27*n + 0*n**2 + 188 - 62. Let u be r(-48). Calculate the greatest common factor of u a